s of m(w)?
3
Let c(d) = -6438*d**3 + 9*d**2 + 8*d - 2. What are the prime factors of c(-1)?
41, 157
Let d = -2539 + -1269. Let u = d + 5639. What are the prime factors of u?
1831
Suppose 25972 + 32202 = 17*o. List the prime factors of o.
2, 29, 59
Suppose 3*i - 5*l = 16 + 108, 0 = -4*i + l + 171. Let n(f) = 8 + f - i*f - 16*f + 5*f. List the prime factors of n(-4).
2, 5, 11
Let h be (44/77)/((-4)/(-14)) - -333. Let z = h + 266. What are the prime factors of z?
601
Let q = 76 + -67. Let k be 1/q - 19/171. Suppose -5*b - 234 = -3*p + 102, k = -p - 2*b + 101. List the prime factors of p.
107
Suppose 4*n = -z + 439, -z = 10 - 9. Suppose w = 493 + n. What are the prime factors of w?
3, 67
Let y(u) = -u**2 + 22*u - 2*u + 9 + 0 + 32*u. List the prime factors of y(20).
11, 59
Suppose 3*r - 120 = -5*r. Suppose -3*u = -r - 6. Suppose -198 = -u*n + 180. List the prime factors of n.
2, 3
Suppose 318*n - 7532643 + 1724691 = 0. What are the prime factors of n?
2, 3, 761
Let z = -10180 + 10176. Let v = -7 - -5. What are the prime factors of (v/z)/((-4)/(-2096))?
2, 131
Let c(i) = 37579*i - 340. List the prime factors of c(2).
2, 37409
Let i(l) = -6*l**3 - 99*l**2 - 4*l - 36. List the prime factors of i(-17).
29, 31
Suppose 10*t - 23683 = 5*t - 3*l, -4*t + 2*l = -18942. Suppose -t + 732 = -4*n. Suppose 16*r - n = 3*r. List the prime factors of r.
7, 11
Suppose -35*b + 28166 = -412659. What are the prime factors of b?
5, 11, 229
Suppose 3 = -8*c + 27. List the prime factors of 218 + 6 + (-15)/c + 5.
2, 7
Suppose 5*a - m = 40, 46*m - 16 = -2*a + 42*m. List the prime factors of (3/(105/(-28)))/(a/(-14260)).
2, 23, 31
Let b = 7450 - 100. What are the prime factors of b?
2, 3, 5, 7
Suppose 374*y - 357*y - 50082 = 0. What are the prime factors of y?
2, 3, 491
Let v = 40768 + -20605. List the prime factors of v.
3, 11, 13, 47
Suppose 0 = 5*s - 56656 - 75579. List the prime factors of s.
53, 499
Let w be (-4)/(-10) + (-22)/55. Suppose -12*h + 11*h + 471 = w. What are the prime factors of h*(-1 - (-20)/15)?
157
Let v be (-183)/6*(1 - -1*1). Let z = v + 64. Suppose -m + 757 = 3*w, 7*w - m = z*w + 1007. What are the prime factors of w?
2, 3, 7
Let t be 15 - (-1)/8*-8. Suppose -5*c - t*o + 4647 = -15*o, -2*c - 3*o + 1852 = 0. List the prime factors of c.
929
Let n = 42 + 814. Let c = -492 + n. Let d = c - 128. What are the prime factors of d?
2, 59
Let g(k) = k**3 + 6*k**2 - 11*k - 9. Let q = 9 - 13. Let c be g(q). Suppose -v - 3*l = -24, 2*l = 5*v - c + 15. List the prime factors of v.
2, 3
Let p(m) = m**2 + 8*m + 23. Let z be p(8). Suppose z*l + 17080 = 161*l. List the prime factors of l.
2, 7, 61
Suppose -a = 3*q - 8832, 44143 = 5*a - 2*q - 0*q. Suppose -a = -6*z + 12555. Suppose 4*h = 16*h - z. What are the prime factors of h?
3, 11
Let y = 3310 - -7012. What are the prime factors of y?
2, 13, 397
Let x(w) = -3*w**3 + 142*w**2 - 80*w + 189. What are the prime factors of x(35)?
2, 3, 7, 113
Suppose 186 = -9*p - 99 - 57. Suppose -3*o = -4*o - 54. Let h = p - o. List the prime factors of h.
2
Suppose 4*k + 4*t - 54673 = 48739, 9*k - t - 232627 = 0. List the prime factors of k.
2, 3, 359
Suppose 0 = -2*i + 12 - 10, -4*i - 11 = -3*h. What are the prime factors of 2404/6 - h/3?
3, 7, 19
Let s be (3 - -2567)*-1*8/(-10). Suppose -72*m - s = -76*m. Let a = m + -261. What are the prime factors of a?
11, 23
Let b(p) = -808*p - 6. What are the prime factors of b(-8)?
2, 3229
Let b = 8154 - 1861. What are the prime factors of b?
7, 29, 31
Let o(c) = -c**3 + 75*c**2 + 10*c + 59. What are the prime factors of o(43)?
13, 353
Let n(f) = -174*f**3 - 6*f**2 + 11. List the prime factors of n(-2).
7, 197
Let q(v) = -15 - 2*v**3 + 7*v**3 - 12*v - 6*v**3 + 13*v**2. Let g be q(12). Let j = -7 - g. List the prime factors of j.
2
Let d(y) = -y**2 - 16*y + 22. Let o be d(-17). Suppose -4*t + 98 = 2*j, -3*j + o*t - 96 = -5*j. What are the prime factors of j?
53
Suppose -15*z + 58 = 13. Let p = -5 - -10. Suppose k = -i + p*k - 11, 23 = z*i + 2*k. What are the prime factors of i?
5
Let a = 4 - 14. What are the prime factors of 5/10 + (-3535)/a?
2, 3, 59
List the prime factors of ((-9)/4)/(-7 + 1239/168) + 67728.
2, 3, 11287
Suppose 0 = 2*k + 6326 - 59828. List the prime factors of k.
3, 37, 241
Let w(i) be the third derivative of 5*i**4/3 - 23*i**3/6 - 53*i**2. List the prime factors of w(6).
7, 31
Let n(v) = 22*v**2 + 261*v + 128. List the prime factors of n(-36).
2, 17, 283
Suppose -v = -1, -5*d - 6*v + 2*v = -9. What are the prime factors of (4 - d) + 327 + 15/5?
3, 37
Let r(b) = -2*b**2 - 29*b - 20. Let o be r(-14). Let h be 1600/(-14) - o/21 - -2. Let q = -15 - h. List the prime factors of q.
97
What are the prime factors of 10/4 + (-2586890)/(-68) + -17?
2, 3, 3169
Suppose 0 = -3*h - 10*f + 54, -9 = -4*f + 15. Let k(l) = l - 1. Let u(a) = 50*a - 10. Let c(b) = 5*k(b) - u(b). List the prime factors of c(h).
5, 19
Let b = 2352 + -1474. What are the prime factors of b?
2, 439
Let v(n) = 17*n + 2. Let q be v(-13). Let a be (-9)/(-12) - (-3446)/(-8). Let h = q - a. What are the prime factors of h?
211
What are the prime factors of (-134)/67*(-2312 - -1)?
2, 2311
Let f = -3196 + 3620. List the prime factors of f.
2, 53
What are the prime factors of (3/18)/(31/(-1635560))*-3?
2, 5, 1319
Let q be -5 - (-6 + 10) - -2583. Let p = 3642 - q. What are the prime factors of p?
2, 3, 89
List the prime factors of -3 - -12 - -18311 - (-2 - (1 - 8)).
3, 5, 11, 37
List the prime factors of (-8)/6*((-53794)/52 + -26).
2, 7, 101
Let x be ((-72)/(-42))/(12/56). Suppose -7546 = -x*v - 6*v. What are the prime factors of v?
7, 11
Let z(v) = 61007*v**2 - 93*v + 96. What are the prime factors of z(1)?
2, 5, 6101
Let b = -4 + -1. Suppose 7*p - 4*p - 273 = 0. Let r = b + p. List the prime factors of r.
2, 43
Suppose 2*m = -16 + 6. Let w be (4/8)/(m/100). What are the prime factors of (-37 + 12)*32/w?
2, 5
Let b = -60 - -55. Let n be (-1756)/(-10)*((-15)/(-2) + b). Suppose 6*d - 233 = n. List the prime factors of d.
2, 7
Let y be ((-8)/(-10))/(-2 + (-11)/(-5)). Suppose 2947 = 4*j - 0*j + 5*r, -4*j + 2952 = y*r. List the prime factors of j.
743
Suppose 4*h = -29*h + 231. Suppose -5*f + h*i - 12*i = -815, 4*f - 616 = 5*i. List the prime factors of f.
3, 53
Let b = -2924 + 27289. What are the prime factors of b?
5, 11, 443
Let j(h) = 5*h**2 - 3*h + 1. Let i be j(1). Suppose -5*s + 10*s + i*x - 2813 = 0, 0 = -3*s - 4*x + 1690. List the prime factors of s.
2, 281
Let d = -10762 - -16855. List the prime factors of d.
3, 677
What are the prime factors of (3 + 6 + -10)*(-10550)/2?
5, 211
Suppose -15 = -334*i + 333*i. Suppose 0 = 2*h + i*h - 4573. List the prime factors of h.
269
Suppose -18 = 12*p - 9*p, 0 = -4*k - 2*p + 44092. What are the prime factors of k?
2, 37, 149
Let h = -73 - -80. Suppose -h*m = -2*m - 4055. List the prime factors of m.
811
Suppose 4*w = 4*i - 4804, -5*i - 4*w - 444 = -6476. Let l = -681 + i. List the prime factors of l.
523
Suppose -2*l = -4 - 4. Let w be 0*(6/12 + 2/(-12)). Suppose w = -8*x + l*x + 1092. What are the prime factors of x?
3, 7, 13
Suppose -3*n + 34157 = 4*u, -n + 325 - 330 = 0. What are the prime factors of u?
8543
Let y = 190883 + -99175. List the prime factors of y.
2, 101, 227
Let a(l) be the second derivative of l**5/20 - l**4/2 + 5*l**3/3 - 4*l**2 - 16*l. Let t be a(4). List the prime factors of t - 1 - (3 + -127).
3, 41
Let c(f) = 2*f**2 + 15*f + 11. Let l(k) = 5*k**2 + 45*k + 34. Let x(i) = 17*c(i) - 6*l(i). Let v = -505 - -512. List the prime factors of x(v).
2, 37
Let j = -51302 + 121074. List the prime factors of j.
2, 17443
Let q = 27177 + -17618. What are the prime factors of q?
11, 79
Let j = 17 + -11. Suppose -67 = 7*z - j*z. Let l = 135 + z. List the prime factors of l.
2, 17
Suppose 3*f + y = 4*y + 156, 0 = f - 4*y - 64. Let k be (3 + -4 + f)/(-1). Let u = 103 + k. List the prime factors of u.
2, 7
Let p(j) = 10*j + 38. Let x be p(10). Suppose 110 = -2*t + 4*a - 24, -6 = -2*a. Let w = x + t. What are the prime factors of w?
7, 11
Let m(q) = q + 3. Let k be m(-3). Let f be k/2 + -64 + (2 - 0). Let w = 60 - f. What are the prime factors of w?
2, 61
Suppose 326*g - 1776844 = 1512706 + 455538. What are the prime factors of g?
2, 359
Let y be ((-135)/12)/((-1)/4*1). Let 